[INFO] cloning repository https://github.com/manpat/rs-wiresim
[INFO] running `Command { std: "git" "-c" "credential.helper=" "-c" "credential.helper=/workspace/cargo-home/bin/git-credential-null" "clone" "--bare" "https://github.com/manpat/rs-wiresim" "/workspace/cache/git-repos/https%3A%2F%2Fgithub.com%2Fmanpat%2Frs-wiresim", kill_on_drop: false }`
[INFO] [stderr] Cloning into bare repository '/workspace/cache/git-repos/https%3A%2F%2Fgithub.com%2Fmanpat%2Frs-wiresim'...
[INFO] running `Command { std: "git" "rev-parse" "HEAD", kill_on_drop: false }`
[INFO] [stdout] f9a2992269c887c6832112a838494a2a5bd6b247
[INFO] checking manpat/rs-wiresim against master#cfbc6d4cf1acbac5c025acf8ed68929caa551df3 for pr-75494-beta
[INFO] running `Command { std: "git" "clone" "/workspace/cache/git-repos/https%3A%2F%2Fgithub.com%2Fmanpat%2Frs-wiresim" "/workspace/builds/worker-5/source", kill_on_drop: false }`
[INFO] [stderr] Cloning into '/workspace/builds/worker-5/source'...
[INFO] [stderr] done.
[INFO] validating manifest of git repo https://github.com/manpat/rs-wiresim on toolchain cfbc6d4cf1acbac5c025acf8ed68929caa551df3
[INFO] running `Command { std: "/workspace/cargo-home/bin/cargo" "+cfbc6d4cf1acbac5c025acf8ed68929caa551df3" "read-manifest" "--manifest-path" "Cargo.toml", kill_on_drop: false }`
[INFO] started tweaking git repo https://github.com/manpat/rs-wiresim
[INFO] finished tweaking git repo https://github.com/manpat/rs-wiresim
[INFO] tweaked toml for git repo https://github.com/manpat/rs-wiresim written to /workspace/builds/worker-5/source/Cargo.toml
[INFO] crate git repo https://github.com/manpat/rs-wiresim already has a lockfile, it will not be regenerated
[INFO] running `Command { std: "/workspace/cargo-home/bin/cargo" "+cfbc6d4cf1acbac5c025acf8ed68929caa551df3" "fetch" "--locked" "--manifest-path" "Cargo.toml", kill_on_drop: false }`
[INFO] [stderr]  Downloading crates ...
[INFO] [stderr]   Downloaded c_vec v1.3.0
[INFO] [stderr]   Downloaded rgb v0.7.2
[INFO] [stderr]   Downloaded lodepng v1.1.3
[INFO] running `Command { std: "docker" "create" "-v" "/var/lib/crater-agent-workspace/builds/worker-5/target:/opt/rustwide/target:rw,Z" "-v" "/var/lib/crater-agent-workspace/builds/worker-5/source:/opt/rustwide/workdir:ro,Z" "-v" "/var/lib/crater-agent-workspace/cargo-home:/opt/rustwide/cargo-home:ro,Z" "-v" "/var/lib/crater-agent-workspace/rustup-home:/opt/rustwide/rustup-home:ro,Z" "-e" "SOURCE_DIR=/opt/rustwide/workdir" "-e" "CARGO_TARGET_DIR=/opt/rustwide/target" "-e" "CARGO_HOME=/opt/rustwide/cargo-home" "-e" "RUSTUP_HOME=/opt/rustwide/rustup-home" "-w" "/opt/rustwide/workdir" "-m" "1610612736" "--user" "0:0" "--network" "none" "rustops/crates-build-env@sha256:a636fd89d022f18117e1dc8fb37a0a009933cdbbe082814857f0e2024962d47c" "/opt/rustwide/cargo-home/bin/cargo" "+cfbc6d4cf1acbac5c025acf8ed68929caa551df3" "metadata" "--no-deps" "--format-version=1", kill_on_drop: false }`
[INFO] [stdout] 88c7aec2fcb54b6b7937e66c55e17221fd2c24a1b19020ea3daef24fa6ae373b
[INFO] [stderr] WARNING: Your kernel does not support swap limit capabilities or the cgroup is not mounted. Memory limited without swap.
[INFO] running `Command { std: "docker" "start" "-a" "88c7aec2fcb54b6b7937e66c55e17221fd2c24a1b19020ea3daef24fa6ae373b", kill_on_drop: false }`
[INFO] running `Command { std: "docker" "inspect" "88c7aec2fcb54b6b7937e66c55e17221fd2c24a1b19020ea3daef24fa6ae373b", kill_on_drop: false }`
[INFO] running `Command { std: "docker" "rm" "-f" "88c7aec2fcb54b6b7937e66c55e17221fd2c24a1b19020ea3daef24fa6ae373b", kill_on_drop: false }`
[INFO] [stdout] 88c7aec2fcb54b6b7937e66c55e17221fd2c24a1b19020ea3daef24fa6ae373b
[INFO] running `Command { std: "docker" "create" "-v" "/var/lib/crater-agent-workspace/builds/worker-5/target:/opt/rustwide/target:rw,Z" "-v" "/var/lib/crater-agent-workspace/builds/worker-5/source:/opt/rustwide/workdir:ro,Z" "-v" "/var/lib/crater-agent-workspace/cargo-home:/opt/rustwide/cargo-home:ro,Z" "-v" "/var/lib/crater-agent-workspace/rustup-home:/opt/rustwide/rustup-home:ro,Z" "-e" "SOURCE_DIR=/opt/rustwide/workdir" "-e" "CARGO_TARGET_DIR=/opt/rustwide/target" "-e" "CARGO_INCREMENTAL=0" "-e" "RUST_BACKTRACE=full" "-e" "RUSTFLAGS=--cap-lints=forbid" "-e" "CARGO_HOME=/opt/rustwide/cargo-home" "-e" "RUSTUP_HOME=/opt/rustwide/rustup-home" "-w" "/opt/rustwide/workdir" "-m" "1610612736" "--user" "0:0" "--network" "none" "rustops/crates-build-env@sha256:a636fd89d022f18117e1dc8fb37a0a009933cdbbe082814857f0e2024962d47c" "/opt/rustwide/cargo-home/bin/cargo" "+cfbc6d4cf1acbac5c025acf8ed68929caa551df3" "check" "--frozen" "--all" "--all-targets" "--message-format=json", kill_on_drop: false }`
[INFO] [stdout] 414cc34f195eef8266beed0f5ba3e13760765e74042d07195dc1b80afbbe722e
[INFO] [stderr] WARNING: Your kernel does not support swap limit capabilities or the cgroup is not mounted. Memory limited without swap.
[INFO] running `Command { std: "docker" "start" "-a" "414cc34f195eef8266beed0f5ba3e13760765e74042d07195dc1b80afbbe722e", kill_on_drop: false }`
[INFO] [stderr]     Checking libc v0.2.29
[INFO] [stderr]    Compiling bitflags v0.9.1
[INFO] [stderr]    Compiling log v0.3.8
[INFO] [stderr]    Compiling sdl2-sys v0.30.0
[INFO] [stderr]    Compiling khronos_api v1.0.1
[INFO] [stderr]     Checking bitflags v0.7.0
[INFO] [stderr]     Checking rgb v0.7.2
[INFO] [stderr]    Compiling lodepng v1.1.3
[INFO] [stderr]    Compiling xml-rs v0.6.1
[INFO] [stderr]     Checking rand v0.3.16
[INFO] [stderr]    Compiling gl_generator v0.5.5
[INFO] [stderr]     Checking sdl2 v0.30.0
[INFO] [stderr]    Compiling wire v0.1.0 (/opt/rustwide/workdir)
[INFO] [stdout] error[E0554]: `#![feature]` may not be used on the beta release channel
[INFO] [stdout]  --> src/main.rs:1:1
[INFO] [stdout]   |
[INFO] [stdout] 1 | #![feature(box_syntax)]
[INFO] [stdout]   | ^^^^^^^^^^^^^^^^^^^^^^^
[INFO] [stdout] 
[INFO] [stdout] 
[INFO] [stdout] error[E0554]: `#![feature]` may not be used on the beta release channel
[INFO] [stdout]  --> src/main.rs:2:1
[INFO] [stdout]   |
[INFO] [stdout] 2 | #![feature(slice_patterns)]
[INFO] [stdout]   | ^^^^^^^^^^^^^^^^^^^^^^^^^^^
[INFO] [stdout] 
[INFO] [stdout] 
[INFO] [stdout] warning: trait objects without an explicit `dyn` are deprecated
[INFO] [stdout]  --> /opt/rustwide/target/debug/build/wire-7154f61e2900a602/out/bindings.rs:9:40
[INFO] [stdout]   |
[INFO] [stdout] 9 |         fn metaloadfn(mut loadfn: &mut FnMut(&str) -> *const __gl_imports::raw::c_void,
[INFO] [stdout]   |                                        ^^^^^^^^^^^^^^^^^^^^^^^^^^^^^^^^^^^^^^^^^^^^^^^ help: use `dyn`: `dyn FnMut(&str) -> *const __gl_imports::raw::c_void`
[INFO] [stdout]   |
[INFO] [stdout]   = note: `#[warn(bare_trait_objects)]` on by default
[INFO] [stdout] 
[INFO] [stdout] 
[INFO] [stdout] warning: trait objects without an explicit `dyn` are deprecated
[INFO] [stdout]   --> src/game.rs:22:13
[INFO] [stdout]    |
[INFO] [stdout] 22 |     spawn: Box<Fn(&mut WireContext) -> u32>,
[INFO] [stdout]    |                ^^^^^^^^^^^^^^^^^^^^^^^^^^^ help: use `dyn`: `dyn Fn(&mut WireContext) -> u32`
[INFO] [stdout] 
[INFO] [stdout] 
[INFO] [stdout] warning: trait objects without an explicit `dyn` are deprecated
[INFO] [stdout]    --> src/game.rs:138:40
[INFO] [stdout]     |
[INFO] [stdout] 138 |     fn get_hovered_node(&self) -> Option<&WireNode> {
[INFO] [stdout]     |                                           ^^^^^^^^ help: use `dyn`: `dyn WireNode`
[INFO] [stdout] 
[INFO] [stdout] 
[INFO] [stdout] warning: trait objects without an explicit `dyn` are deprecated
[INFO] [stdout]    --> src/game.rs:145:53
[INFO] [stdout]     |
[INFO] [stdout] 145 |     fn get_hovered_node_mut(&mut self) -> Option<&mut (WireNode + 'static)> {
[INFO] [stdout]     |                                                        ^^^^^^^^^^^^^^^^^^ help: use `dyn`: `dyn WireNode + 'static`
[INFO] [stdout] 
[INFO] [stdout] 
[INFO] [stdout] warning: trait objects without an explicit `dyn` are deprecated
[INFO] [stdout]   --> src/wire/mod.rs:50:27
[INFO] [stdout]    |
[INFO] [stdout] 50 |     pub nodes: Vec<(u32, Box<WireNode>)>,
[INFO] [stdout]    |                              ^^^^^^^^ help: use `dyn`: `dyn WireNode`
[INFO] [stdout] 
[INFO] [stdout] 
[INFO] [stdout] warning: trait objects without an explicit `dyn` are deprecated
[INFO] [stdout]   --> src/wire/mod.rs:77:50
[INFO] [stdout]    |
[INFO] [stdout] 77 |     pub fn get_node(&self, node_id: u32) -> Option<&WireNode> {
[INFO] [stdout]    |                                                     ^^^^^^^^ help: use `dyn`: `dyn WireNode`
[INFO] [stdout] 
[INFO] [stdout] 
[INFO] [stdout] warning: trait objects without an explicit `dyn` are deprecated
[INFO] [stdout]   --> src/wire/mod.rs:82:63
[INFO] [stdout]    |
[INFO] [stdout] 82 |     pub fn get_node_mut(&mut self, node_id: u32) -> Option<&mut (WireNode + 'static)> {
[INFO] [stdout]    |                                                                  ^^^^^^^^^^^^^^^^^^ help: use `dyn`: `dyn WireNode + 'static`
[INFO] [stdout] 
[INFO] [stdout] 
[INFO] [stdout] error[E0554]: `#![feature]` may not be used on the beta release channel
[INFO] [stdout]  --> src/main.rs:1:1
[INFO] [stdout]   |
[INFO] [stdout] 1 | #![feature(box_syntax)]
[INFO] [stdout]   | ^^^^^^^^^^^^^^^^^^^^^^^
[INFO] [stdout] 
[INFO] [stdout] 
[INFO] [stdout] error[E0554]: `#![feature]` may not be used on the beta release channel
[INFO] [stdout]  --> src/main.rs:2:1
[INFO] [stdout]   |
[INFO] [stdout] 2 | #![feature(slice_patterns)]
[INFO] [stdout]   | ^^^^^^^^^^^^^^^^^^^^^^^^^^^
[INFO] [stdout] 
[INFO] [stdout] 
[INFO] [stdout] warning: trait objects without an explicit `dyn` are deprecated
[INFO] [stdout]  --> /opt/rustwide/target/debug/build/wire-7154f61e2900a602/out/bindings.rs:9:40
[INFO] [stdout]   |
[INFO] [stdout] 9 |         fn metaloadfn(mut loadfn: &mut FnMut(&str) -> *const __gl_imports::raw::c_void,
[INFO] [stdout]   |                                        ^^^^^^^^^^^^^^^^^^^^^^^^^^^^^^^^^^^^^^^^^^^^^^^ help: use `dyn`: `dyn FnMut(&str) -> *const __gl_imports::raw::c_void`
[INFO] [stdout]   |
[INFO] [stdout]   = note: `#[warn(bare_trait_objects)]` on by default
[INFO] [stdout] 
[INFO] [stdout] 
[INFO] [stdout] warning: trait objects without an explicit `dyn` are deprecated
[INFO] [stdout]   --> src/game.rs:22:13
[INFO] [stdout]    |
[INFO] [stdout] 22 |     spawn: Box<Fn(&mut WireContext) -> u32>,
[INFO] [stdout]    |                ^^^^^^^^^^^^^^^^^^^^^^^^^^^ help: use `dyn`: `dyn Fn(&mut WireContext) -> u32`
[INFO] [stdout] 
[INFO] [stdout] 
[INFO] [stdout] warning: trait objects without an explicit `dyn` are deprecated
[INFO] [stdout]    --> src/game.rs:138:40
[INFO] [stdout]     |
[INFO] [stdout] 138 |     fn get_hovered_node(&self) -> Option<&WireNode> {
[INFO] [stdout]     |                                           ^^^^^^^^ help: use `dyn`: `dyn WireNode`
[INFO] [stdout] 
[INFO] [stdout] 
[INFO] [stdout] warning: trait objects without an explicit `dyn` are deprecated
[INFO] [stdout]    --> src/game.rs:145:53
[INFO] [stdout]     |
[INFO] [stdout] 145 |     fn get_hovered_node_mut(&mut self) -> Option<&mut (WireNode + 'static)> {
[INFO] [stdout]     |                                                        ^^^^^^^^^^^^^^^^^^ help: use `dyn`: `dyn WireNode + 'static`
[INFO] [stdout] 
[INFO] [stdout] 
[INFO] [stdout] warning: trait objects without an explicit `dyn` are deprecated
[INFO] [stdout]   --> src/wire/mod.rs:50:27
[INFO] [stdout]    |
[INFO] [stdout] 50 |     pub nodes: Vec<(u32, Box<WireNode>)>,
[INFO] [stdout]    |                              ^^^^^^^^ help: use `dyn`: `dyn WireNode`
[INFO] [stdout] 
[INFO] [stdout] 
[INFO] [stdout] warning: trait objects without an explicit `dyn` are deprecated
[INFO] [stdout]   --> src/wire/mod.rs:77:50
[INFO] [stdout]    |
[INFO] [stdout] 77 |     pub fn get_node(&self, node_id: u32) -> Option<&WireNode> {
[INFO] [stdout]    |                                                     ^^^^^^^^ help: use `dyn`: `dyn WireNode`
[INFO] [stdout] 
[INFO] [stdout] 
[INFO] [stdout] warning: trait objects without an explicit `dyn` are deprecated
[INFO] [stdout]   --> src/wire/mod.rs:82:63
[INFO] [stdout]    |
[INFO] [stdout] 82 |     pub fn get_node_mut(&mut self, node_id: u32) -> Option<&mut (WireNode + 'static)> {
[INFO] [stdout]    |                                                                  ^^^^^^^^^^^^^^^^^^ help: use `dyn`: `dyn WireNode + 'static`
[INFO] [stdout] 
[INFO] [stdout] 
[INFO] [stdout] error: aborting due to 2 previous errors; 7 warnings emitted
[INFO] [stdout] 
[INFO] [stdout] 
[INFO] [stdout] For more information about this error, try `rustc --explain E0554`.
[INFO] [stdout] 
[INFO] [stderr] error: could not compile `wire`.
[INFO] [stderr] 
[INFO] [stderr] To learn more, run the command again with --verbose.
[INFO] [stderr] warning: build failed, waiting for other jobs to finish...
[INFO] [stdout] error: aborting due to 2 previous errors; 7 warnings emitted
[INFO] [stdout] 
[INFO] [stdout] 
[INFO] [stdout] For more information about this error, try `rustc --explain E0554`.
[INFO] [stdout] 
[INFO] [stderr] error: build failed
[INFO] running `Command { std: "docker" "inspect" "414cc34f195eef8266beed0f5ba3e13760765e74042d07195dc1b80afbbe722e", kill_on_drop: false }`
[INFO] running `Command { std: "docker" "rm" "-f" "414cc34f195eef8266beed0f5ba3e13760765e74042d07195dc1b80afbbe722e", kill_on_drop: false }`
[INFO] [stdout] 414cc34f195eef8266beed0f5ba3e13760765e74042d07195dc1b80afbbe722e
